{"id":605,"date":"2026-03-24T20:07:54","date_gmt":"2026-03-24T20:07:54","guid":{"rendered":"https:\/\/test.crechekenzi.com\/?page_id=605"},"modified":"2026-03-24T20:10:53","modified_gmt":"2026-03-24T20:10:53","slug":"lycee-cycle","status":"publish","type":"page","link":"https:\/\/test.crechekenzi.com\/index.php\/lycee-cycle\/","title":{"rendered":"LYCEE CYCLE"},"content":{"rendered":"\t\t<div data-elementor-type=\"wp-page\" data-elementor-id=\"605\" class=\"elementor elementor-605\">\n\t\t\t\t<div class=\"elementor-element elementor-element-a3702b6 e-flex e-con-boxed e-con e-parent\" data-id=\"a3702b6\" data-element_type=\"container\" data-e-type=\"container\" data-settings=\"{&quot;background_background&quot;:&quot;classic&quot;}\">\n\t\t\t\t\t<div class=\"e-con-inner\">\n\t\t\t\t<div class=\"elementor-element elementor-element-a339d4b elementor-widget elementor-widget-heading\" data-id=\"a339d4b\" data-element_type=\"widget\" data-e-type=\"widget\" data-widget_type=\"heading.default\">\n\t\t\t\t\t<h2 class=\"elementor-heading-title elementor-size-default\">LYCEE CYCLE DE DETERMINATION &amp; CYCLE DE LA TERMINALE (2ND, 1ERE, TERMINALE)\n<\/h2>\t\t\t\t<\/div>\n\t\t\t\t<div class=\"elementor-element elementor-element-ecfdd1a elementor-widget-divider--view-line elementor-widget elementor-widget-divider\" data-id=\"ecfdd1a\" data-element_type=\"widget\" data-e-type=\"widget\" data-widget_type=\"divider.default\">\n\t\t\t\t\t\t\t<div class=\"elementor-divider\">\n\t\t\t<span class=\"elementor-divider-separator\">\n\t\t\t\t\t\t<\/span>\n\t\t<\/div>\n\t\t\t\t\t\t<\/div>\n\t\t\t\t\t<\/div>\n\t\t\t\t<\/div>\n\t\t<div class=\"elementor-element elementor-element-b7abfac e-flex e-con-boxed e-con e-parent\" data-id=\"b7abfac\" data-element_type=\"container\" data-e-type=\"container\">\n\t\t\t\t\t<div class=\"e-con-inner\">\n\t\t\t\t<div class=\"elementor-element elementor-element-43791b8 elementor-widget elementor-widget-text-editor\" data-id=\"43791b8\" data-element_type=\"widget\" data-e-type=\"widget\" data-widget_type=\"text-editor.default\">\n\t\t\t\t\t\t\t\t\t<strong>DE 15 A 17 ANS<\/strong><br>\nLe lyc\u00e9e pr\u00e9pare l\u2019 \u00e9l\u00e8ve aux exigences de l\u2019enseignement sup\u00e9rieur en consolidant ses m\u00e9thodes de travail tout en l\u2019accompagnant dans son projet d\u2019orientation.<br>\nEn classe de seconde, l\u2019\u00e9l\u00e8ve commence \u00e0 r\u00e9fl\u00e9chir \u00e0 son orientation post-bac.\nIl choisit trois sp\u00e9cialit\u00e9s \u00e0 \u00e9tudier en premi\u00e8re, en fonction de ses int\u00e9r\u00eats, ses r\u00e9sultats et son projet d\u2019\u00e9tudes sup\u00e9rieures.<br>\nEn premi\u00e8re, il gardera deux de ces trois sp\u00e9cialit\u00e9s pour la terminale.<br>\nDans la voie g\u00e9n\u00e9rale, l\u2019ISC propose 8 sp\u00e9cialit\u00e9s\u00a0:\n\u2013 Histoire-g\u00e9ographie, g\u00e9opolitique et sciences politiques.<br>\n\u2013 Humanit\u00e9s, litt\u00e9rature et philosophie.<br>\n\u2013 Langues, litt\u00e9ratures et cultures \u00e9trang\u00e8res et r\u00e9gionales.<br>\n\u2013 Math\u00e9matiques.<br>\n\u2013 Physique-chimie.<br>\n\u2013 Sciences de la vie et de la Terre.<br>\n\u2013 Sciences \u00e9conomiques et sociales<br>\n\u2013 Num\u00e9riques et sciences informatiques<br>\nDans la voie technologique, l\u2019ISC propose une fili\u00e8re technologique : STMG<br> \u2013 Marketing\nLes options facultatives<br> \u2013 langues, maths expertes, maths compl\u00e9mentaires, DGEMC, arts plastiques <br>\u2013\npermettent aux \u00e9l\u00e8ves de diversifier leur profil.<br>\nUn programme annuel d\u2019accompagnement \u00e0 l\u2019orientation vise \u00e0 accompagner les \u00e9l\u00e8ves dans leur r\u00e9flexion et \u00e0 leur donner les outils n\u00e9cessaires pour faire des choix \u00e9clair\u00e9s concernant leur projet d\u2019\u00e9tudes.\t\t\t\t\t\t\t\t<\/div>\n\t\t\t\t<div class=\"elementor-element elementor-element-25afbce elementor-widget elementor-widget-text-editor\" data-id=\"25afbce\" data-element_type=\"widget\" data-e-type=\"widget\" data-widget_type=\"text-editor.default\">\n\t\t\t\t\t\t\t\t\t<div class=\"elementor-element elementor-element-d620ca3 elementor-widget elementor-widget-heading\" data-id=\"d620ca3\" data-element_type=\"widget\" data-widget_type=\"heading.default\"><div class=\"elementor-widget-container\"><h3 class=\"elementor-heading-title elementor-size-default\">Cursus acad\u00e9mique<\/h3><\/div><\/div><div class=\"elementor-element elementor-element-9f33178 elementor-widget elementor-widget-image\" data-id=\"9f33178\" data-element_type=\"widget\" data-widget_type=\"image.default\"><div class=\"elementor-widget-container\">\u00a0<\/div><\/div>\t\t\t\t\t\t\t\t<\/div>\n\t\t\t\t\t<\/div>\n\t\t\t\t<\/div>\n\t\t<div class=\"elementor-element elementor-element-a044012 e-flex e-con-boxed e-con e-parent\" data-id=\"a044012\" data-element_type=\"container\" data-e-type=\"container\">\n\t\t\t\t\t<div class=\"e-con-inner\">\n\t\t\t\t<div class=\"elementor-element elementor-element-0a6327b elementor-widget elementor-widget-image\" data-id=\"0a6327b\" data-element_type=\"widget\" data-e-type=\"widget\" data-widget_type=\"image.default\">\n\t\t\t\t\t\t\t\t\t\t\t\t\t\t\t<img fetchpriority=\"high\" decoding=\"async\" width=\"1176\" height=\"273\" src=\"https:\/\/test.crechekenzi.com\/wp-content\/uploads\/2026\/03\/programme.svg\" class=\"attachment-2048x2048 size-2048x2048 wp-image-578\" alt=\"\" \/>\t\t\t\t\t\t\t\t\t\t\t\t\t\t\t<\/div>\n\t\t\t\t\t<\/div>\n\t\t\t\t<\/div>\n\t\t\t\t<\/div>\n\t\t","protected":false},"excerpt":{"rendered":"<p>LYCEE CYCLE DE DETERMINATION &amp; CYCLE DE LA TERMINALE (2ND, 1ERE, TERMINALE) DE 15 A 17 ANS Le lyc\u00e9e pr\u00e9pare [&hellip;]<\/p>\n","protected":false},"author":1,"featured_media":0,"parent":0,"menu_order":0,"comment_status":"closed","ping_status":"closed","template":"","meta":{"site-sidebar-layout":"no-sidebar","site-content-layout":"","ast-site-content-layout":"full-width-container","site-content-style":"default","site-sidebar-style":"default","ast-global-header-display":"","ast-banner-title-visibility":"","ast-main-header-display":"","ast-hfb-above-header-display":"","ast-hfb-below-header-display":"","ast-hfb-mobile-header-display":"","site-post-title":"disabled","ast-breadcrumbs-content":"","ast-featured-img":"disabled","footer-sml-layout":"","ast-disable-related-posts":"","theme-transparent-header-meta":"","adv-header-id-meta":"","stick-header-meta":"","header-above-stick-meta":"","header-main-stick-meta":"","header-below-stick-meta":"","astra-migrate-meta-layouts":"default","ast-page-background-enabled":"default","ast-page-background-meta":{"desktop":{"background-color":"var(--ast-global-color-5)","background-image":"","background-repeat":"repeat","background-position":"center center","background-size":"auto","background-attachment":"scroll","background-type":"","background-media":"","overlay-type":"","overlay-color":"","overlay-opacity":"","overlay-gradient":""},"tablet":{"background-color":"","background-image":"","background-repeat":"repeat","background-position":"center center","background-size":"auto","background-attachment":"scroll","background-type":"","background-media":"","overlay-type":"","overlay-color":"","overlay-opacity":"","overlay-gradient":""},"mobile":{"background-color":"","background-image":"","background-repeat":"repeat","background-position":"center center","background-size":"auto","background-attachment":"scroll","background-type":"","background-media":"","overlay-type":"","overlay-color":"","overlay-opacity":"","overlay-gradient":""}},"ast-content-background-meta":{"desktop":{"background-color":"var(--ast-global-color-4)","background-image":"","background-repeat":"repeat","background-position":"center center","background-size":"auto","background-attachment":"scroll","background-type":"","background-media":"","overlay-type":"","overlay-color":"","overlay-opacity":"","overlay-gradient":""},"tablet":{"background-color":"var(--ast-global-color-4)","background-image":"","background-repeat":"repeat","background-position":"center center","background-size":"auto","background-attachment":"scroll","background-type":"","background-media":"","overlay-type":"","overlay-color":"","overlay-opacity":"","overlay-gradient":""},"mobile":{"background-color":"var(--ast-global-color-4)","background-image":"","background-repeat":"repeat","background-position":"center center","background-size":"auto","background-attachment":"scroll","background-type":"","background-media":"","overlay-type":"","overlay-color":"","overlay-opacity":"","overlay-gradient":""}},"footnotes":""},"class_list":["post-605","page","type-page","status-publish","hentry"],"_links":{"self":[{"href":"https:\/\/test.crechekenzi.com\/index.php\/wp-json\/wp\/v2\/pages\/605","targetHints":{"allow":["GET"]}}],"collection":[{"href":"https:\/\/test.crechekenzi.com\/index.php\/wp-json\/wp\/v2\/pages"}],"about":[{"href":"https:\/\/test.crechekenzi.com\/index.php\/wp-json\/wp\/v2\/types\/page"}],"author":[{"embeddable":true,"href":"https:\/\/test.crechekenzi.com\/index.php\/wp-json\/wp\/v2\/users\/1"}],"replies":[{"embeddable":true,"href":"https:\/\/test.crechekenzi.com\/index.php\/wp-json\/wp\/v2\/comments?post=605"}],"version-history":[{"count":4,"href":"https:\/\/test.crechekenzi.com\/index.php\/wp-json\/wp\/v2\/pages\/605\/revisions"}],"predecessor-version":[{"id":609,"href":"https:\/\/test.crechekenzi.com\/index.php\/wp-json\/wp\/v2\/pages\/605\/revisions\/609"}],"wp:attachment":[{"href":"https:\/\/test.crechekenzi.com\/index.php\/wp-json\/wp\/v2\/media?parent=605"}],"curies":[{"name":"wp","href":"https:\/\/api.w.org\/{rel}","templated":true}]}}